{"id":1924,"date":"2023-01-11T08:05:27","date_gmt":"2023-01-11T08:05:27","guid":{"rendered":"http:\/\/www.reissaudio.com.tr\/?post_type=product&#038;p=1924"},"modified":"2026-02-27T13:07:58","modified_gmt":"2026-02-27T10:07:58","slug":"rs-dsp12","status":"publish","type":"product","link":"https:\/\/www.reissaudio.com.tr\/?product=rs-dsp12","title":{"rendered":"RS-DSP12 V2"},"content":{"rendered":"<div class=\"row\"  id=\"row-1272540929\">\n\n\t<div id=\"col-1076809227\" class=\"col small-12 large-12\"  data-animate=\"bounceIn\">\n\t\t\t\t<div class=\"col-inner box-shadow-3-hover\"  >\n\t\t\t\n\t\t\t\n\n\t<a class=\"plain\" href=\"https:\/\/www.reissaudio.com.tr\/wp-content\/uploads\/2026\/01\/RSDSP12V2.pdf\" target=\"_blank\" rel=\"noopener\" >\t<div class=\"icon-box featured-box icon-box-left text-left\"  style=\"margin:0px 0px 0px 15px;\">\n\t\t\t\t\t<div class=\"icon-box-img\" style=\"width: 30px\">\n\t\t\t\t<div class=\"icon\">\n\t\t\t\t\t<div class=\"icon-inner\" >\n\t\t\t\t\t\t<img loading=\"lazy\" decoding=\"async\" width=\"100\" height=\"123\" src=\"https:\/\/www.reissaudio.com.tr\/wp-content\/uploads\/2023\/01\/pdf-icon.webp\" class=\"attachment-medium size-medium\" alt=\"\" \/>\t\t\t\t\t<\/div>\n\t\t\t\t<\/div>\n\t\t\t<\/div>\n\t\t\t\t<div class=\"icon-box-text last-reset\">\n\t\t\t\t\t\t\t\t\t\n\t<div id=\"text-1380912548\" class=\"text\">\n\t\t\n<h3>Kullan\u0131m K\u0131lavuzu<\/h3>\n\t\t\n<style>\n#text-1380912548 {\n  line-height: 2.6;\n}\n<\/style>\n\t<\/div>\n\t\n\t\t<\/div>\n\t<\/div>\n\t<\/a>\n\t\n\t\t<\/div>\n\t\t\t\t\n<style>\n#col-1076809227 > .col-inner {\n  border-radius: 27px;\n}\n<\/style>\n\t<\/div>\n\n\t\n<\/div>\nDynamic Range(RCA Input) \u2265100dB<br \/>\nS\/N (RCA Input) \u226590dB<br \/>\nTHD \u22640.05%<br \/>\nFrequency Response 20Hz\uff5e20KHz<br \/>\nInput Impedance Hi level input\uff1a240\u03a9, Low level input\uff1a20K\u03a9<br \/>\nLow Level Output Impedance 51\u03a9<br \/>\nSignal Input &amp; Output Range RCA Input\uff1a7.5Vpp\uff1b High Level\uff1a26Vpp\uff1bRCA Output\uff1a7.5Vpp<br \/>\nWorking Temperature -30\uff5e70\u2103<br \/>\nPower DC 9V\uff5e16V<br \/>\nREM Input High Level Input Signal:H1+\/H1- or ACC control cable<br \/>\nREM Output +12V Start up Voltage Output<br \/>\nStandby Power \u22640.1W<br \/>\nGross Weight About 0.9kg<br \/>\nProduct Dimension 205(L) *130(W) *44(H)mm<\/p>\n","protected":false},"excerpt":{"rendered":"<p>12 CHANNEL<br \/>\nSOUND PROCESSOR<br \/>\nPC &amp; ANDROID CONTROL<\/p>\n<p>Windows Yaz\u0131l\u0131m \u0130\u00e7in : <a href=\"https:\/\/www.reissaudio.com.tr\/wp-content\/uploads\/2019\/09\/RS-DSP12-Software.rar\">indir<\/a><\/p>\n<p>Android Yaz\u0131l\u0131m \u0130\u00e7in : <a href=\"https:\/\/www.reissaudio.com.tr\/wp-content\/uploads\/2019\/09\/RS-DSP12-Andriod.zip\">\u0130ndir<\/a><\/p>\n","protected":false},"featured_media":2756,"comment_status":"open","ping_status":"closed","template":"","meta":[],"product_brand":[],"product_cat":[74],"product_tag":[],"class_list":{"0":"post-1924","1":"product","2":"type-product","3":"status-publish","4":"has-post-thumbnail","6":"product_cat-islemciler","8":"first","9":"instock","10":"taxable","11":"shipping-taxable","12":"product-type-simple"},"_links":{"self":[{"href":"https:\/\/www.reissaudio.com.tr\/index.php?rest_route=\/wp\/v2\/product\/1924","targetHints":{"allow":["GET"]}}],"collection":[{"href":"https:\/\/www.reissaudio.com.tr\/index.php?rest_route=\/wp\/v2\/product"}],"about":[{"href":"https:\/\/www.reissaudio.com.tr\/index.php?rest_route=\/wp\/v2\/types\/product"}],"replies":[{"embeddable":true,"href":"https:\/\/www.reissaudio.com.tr\/index.php?rest_route=%2Fwp%2Fv2%2Fcomments&post=1924"}],"wp:featuredmedia":[{"embeddable":true,"href":"https:\/\/www.reissaudio.com.tr\/index.php?rest_route=\/wp\/v2\/media\/2756"}],"wp:attachment":[{"href":"https:\/\/www.reissaudio.com.tr\/index.php?rest_route=%2Fwp%2Fv2%2Fmedia&parent=1924"}],"wp:term":[{"taxonomy":"product_brand","embeddable":true,"href":"https:\/\/www.reissaudio.com.tr\/index.php?rest_route=%2Fwp%2Fv2%2Fproduct_brand&post=1924"},{"taxonomy":"product_cat","embeddable":true,"href":"https:\/\/www.reissaudio.com.tr\/index.php?rest_route=%2Fwp%2Fv2%2Fproduct_cat&post=1924"},{"taxonomy":"product_tag","embeddable":true,"href":"https:\/\/www.reissaudio.com.tr\/index.php?rest_route=%2Fwp%2Fv2%2Fproduct_tag&post=1924"}],"curies":[{"name":"wp","href":"https:\/\/api.w.org\/{rel}","templated":true}]}}